{"id":37,"date":"2023-10-03T15:09:39","date_gmt":"2023-10-03T13:09:39","guid":{"rendered":"https:\/\/lafeteafontin.be\/?page_id=37"},"modified":"2024-07-18T12:27:12","modified_gmt":"2024-07-18T10:27:12","slug":"sponsors","status":"publish","type":"page","link":"https:\/\/lafeteafontin.be\/index.php\/sponsors\/","title":{"rendered":"Sponsors"},"content":{"rendered":"\n<blockquote class=\"wp-block-quote is-layout-flow wp-block-quote-is-layout-flow\">\n<p>Un tout grand merci \u00e0 nos plus g\u00e9n\u00e9reux sponsors de cette ann\u00e9e ! Sans vous, la f\u00eate serait bien moins folle ! *coeur avec les doigts* <\/p>\n<\/blockquote>\n\n\n\n<figure class=\"wp-block-gallery has-nested-images columns-default is-cropped wp-block-gallery-1 is-layout-flex wp-block-gallery-is-layout-flex\">\n<figure class=\"wp-block-image aligncenter size-large\"><img loading=\"lazy\" decoding=\"async\" width=\"953\" height=\"192\" data-id=\"116\" src=\"https:\/\/lafeteafontin.be\/wp-content\/uploads\/2024\/07\/curtiusPlan-de-travail-1-1.png\" alt=\"\" class=\"wp-image-116\" srcset=\"https:\/\/lafeteafontin.be\/wp-content\/uploads\/2024\/07\/curtiusPlan-de-travail-1-1.png 953w, https:\/\/lafeteafontin.be\/wp-content\/uploads\/2024\/07\/curtiusPlan-de-travail-1-1-300x60.png 300w, https:\/\/lafeteafontin.be\/wp-content\/uploads\/2024\/07\/curtiusPlan-de-travail-1-1-768x155.png 768w\" sizes=\"auto, (max-width: 953px) 100vw, 953px\" \/><\/figure>\n<\/figure>\n\n\n\n<hr class=\"wp-block-separator has-alpha-channel-opacity\"\/>\n\n\n\n<figure class=\"wp-block-image aligncenter size-large\"><img loading=\"lazy\" decoding=\"async\" width=\"1024\" height=\"178\" src=\"https:\/\/lafeteafontin.be\/wp-content\/uploads\/2024\/07\/geofPlan-de-travail-1-1-1024x178.png\" alt=\"\" class=\"wp-image-117\" srcset=\"https:\/\/lafeteafontin.be\/wp-content\/uploads\/2024\/07\/geofPlan-de-travail-1-1-1024x178.png 1024w, https:\/\/lafeteafontin.be\/wp-content\/uploads\/2024\/07\/geofPlan-de-travail-1-1-300x52.png 300w, https:\/\/lafeteafontin.be\/wp-content\/uploads\/2024\/07\/geofPlan-de-travail-1-1-768x133.png 768w, https:\/\/lafeteafontin.be\/wp-content\/uploads\/2024\/07\/geofPlan-de-travail-1-1-1536x266.png 1536w, https:\/\/lafeteafontin.be\/wp-content\/uploads\/2024\/07\/geofPlan-de-travail-1-1.png 1701w\" sizes=\"auto, (max-width: 1024px) 100vw, 1024px\" \/><\/figure>\n\n\n\n<hr class=\"wp-block-separator has-alpha-channel-opacity\"\/>\n\n\n\n<figure class=\"wp-block-image aligncenter size-full is-resized\"><img loading=\"lazy\" decoding=\"async\" width=\"596\" height=\"80\" src=\"https:\/\/lafeteafontin.be\/wp-content\/uploads\/2024\/07\/mailleuxPlan-de-travail-1-2.png\" alt=\"\" class=\"wp-image-119\" style=\"width:656px;height:auto\" srcset=\"https:\/\/lafeteafontin.be\/wp-content\/uploads\/2024\/07\/mailleuxPlan-de-travail-1-2.png 596w, https:\/\/lafeteafontin.be\/wp-content\/uploads\/2024\/07\/mailleuxPlan-de-travail-1-2-300x40.png 300w\" sizes=\"auto, (max-width: 596px) 100vw, 596px\" \/><\/figure>\n","protected":false},"excerpt":{"rendered":"<p>Un tout grand merci \u00e0 nos plus g\u00e9n\u00e9reux sponsors de cette ann\u00e9e ! Sans vous, la f\u00eate serait bien moins folle ! *coeur avec les doigts*<\/p>\n","protected":false},"author":1,"featured_media":0,"parent":0,"menu_order":0,"comment_status":"closed","ping_status":"closed","template":"","meta":{"_eb_attr":"","_themeisle_gutenberg_block_has_review":false,"footnotes":""},"class_list":["post-37","page","type-page","status-publish","hentry"],"_links":{"self":[{"href":"https:\/\/lafeteafontin.be\/index.php\/wp-json\/wp\/v2\/pages\/37","targetHints":{"allow":["GET"]}}],"collection":[{"href":"https:\/\/lafeteafontin.be\/index.php\/wp-json\/wp\/v2\/pages"}],"about":[{"href":"https:\/\/lafeteafontin.be\/index.php\/wp-json\/wp\/v2\/types\/page"}],"author":[{"embeddable":true,"href":"https:\/\/lafeteafontin.be\/index.php\/wp-json\/wp\/v2\/users\/1"}],"replies":[{"embeddable":true,"href":"https:\/\/lafeteafontin.be\/index.php\/wp-json\/wp\/v2\/comments?post=37"}],"version-history":[{"count":4,"href":"https:\/\/lafeteafontin.be\/index.php\/wp-json\/wp\/v2\/pages\/37\/revisions"}],"predecessor-version":[{"id":120,"href":"https:\/\/lafeteafontin.be\/index.php\/wp-json\/wp\/v2\/pages\/37\/revisions\/120"}],"wp:attachment":[{"href":"https:\/\/lafeteafontin.be\/index.php\/wp-json\/wp\/v2\/media?parent=37"}],"curies":[{"name":"wp","href":"https:\/\/api.w.org\/{rel}","templated":true}]}}